uppose 3*q - 5*f + 6*f + 143 = 0, 3*f + 184 = -4*q. Let p = w + q. Is p prime?
False
Suppose -3*j + 6*j - 9 = 0. Let m be (260 + (j - 1))*1. Suppose 2*p + b - m = 0, 3*b = -2*p - p + 387. Is p prime?
False
Let u(a) be the first derivative of 14*a**3/3 + 4*a**2 + 13*a + 1. Is u(-3) composite?
True
Let i = 4327 - 2505. Is i a prime number?
False
Let u be (-6 - -2) + -3 + 0. Let l = -3 - u. Suppose 0 = 3*x - l*x + 515. Is x prime?
False
Let q(c) = -110*c - 13. Is q(-3) a composite number?
False
Let s(d) = d**3 - 27*d**2 - 27*d - 54. Is s(31) composite?
False
Let i(v) = -v**3 - 8*v**2 - 10*v + 13. Suppose 0 = 5*j - 3*t + 24 + 48, -8 = -j - 5*t. Is i(j) a composite number?
False
Suppose 0 = 3*c - 15, -4*u + 2*u - 457 = c. Let i = 77 + u. Let p = i + 260. Is p prime?
False
Suppose i + 32979 = 3*u, -4*u + 19*i = 24*i - 43972. Is u a prime number?
True
Let y(n) = n**3 - 5*n**2 + 2*n + 1. Let p be y(4). Is p/21*(-1370 - 1) a prime number?
True
Let c be (-20)/(-6)*6/5. Suppose c*k = -20, -4*x + 2 = 2*k - 0*k. Suppose -429 = -x*b + 3*g - 174, 3*b + 4*g = 241. Is b composite?
False
Suppose 31 = 5*y + 61. Is ((-74)/y)/(13/39) a composite number?
False
Suppose 5*i - 9215 = 5*z, -13*z + 9175 = 5*i - 10*z. Is i composite?
True
Let t(w) = 389*w + 13. Let d be t(10). Suppose 3116 = 4*p - 4*c, -5*p + d = -2*c + c. Is p a composite number?
True
Suppose 16 = -4*c, -3*y = 2*c - 766 - 2100. Is y composite?
True
Let k = -25584 - -57767. Is k prime?
True
Suppose -5*u + 2*v = -15501, 4*u - 5*v - 12414 = -10*v. Suppose -3*w = -5*f - u, 2*f - 2046 = -5*w + 3*w. Is w a prime number?
False
Suppose 2709*k - 419861 = 2696*k. Is k prime?
True
Let f(o) = 5*o**2 - 3. Let s(y) = -9*y**2 + 6. Let m(d) = 7*f(d) + 3*s(d). Let v be (4 - 4/2) + 1. Is m(v) a prime number?
False
Suppose -2 = -v + 2*x, -2*x = 2*v - 3 - 19. Let d(k) = -7 - 52*k - 4*k**3 + 10*k**2 + 3*k**3 + 41*k. Is d(v) a composite number?
True
Let s(o) be the second derivative of o**4/4 - o**3/3 + 629*o**2/2 - 8*o. Is s(0) prime?
False
Let g be (-86)/(-2) + 22/11. Let d = 31 - g. Let x = d - -25. Is x a composite number?
False
Suppose 23768 = 5*j - 1547. Is j composite?
True
Is 726706/12 - 35/(-210) prime?
False
Let d = 3343 - -4420. Is d a prime number?
False
Let s = 86 - -153. Is s a composite number?
False
Let r be ((-2)/4)/((-5)/(-30300)). Let n = -1629 - r. Is n a prime number?
False
Suppose 2*f = 5*z - 62837, -z - 3*f = 2212 - 14793. Is z a prime number?
True
Suppose -5*x = i - 192003, -2*x + 50088 = 4*i - 26706. Is x prime?
False
Is 28958853/588 + (-6)/(-8)*-1 prime?
False
Let r(o) = 7*o**2 - 10*o + 27. Is r(14) a prime number?
True
Suppose 8*n = 12*n - 50032. Let y = n - 8721. Is y a prime number?
False
Let h(n) = 13*n**2 + 22*n - 107. Is h(6) a prime number?
False
Let y(t) = t**3 - 8*t**2 - 8*t - 4. Let o be y(9). Suppose o*l = 627 + 1283. Is l a prime number?
False
Suppose -10*s - 33*s + 738095 = 0. Is s a composite number?
True
Let r be (-3)/4 + (-15)/(-20). Suppose 182 = -r*n + 2*n. Is n a prime number?
False
Let n = -1569 + 2560. Is n a composite number?
False
Let q = -30 - -35. Suppose 1143 + 542 = q*i. Is i prime?
True
Suppose -4*m = 0, o - 4*m - 2 + 0 = 0. Suppose 8*s = -3*j + 4*s + 14, 5*j - 12 = -s. Suppose 2*p - 78 = p - d, -o*d - j = 0. Is p a prime number?
True
Suppose -4*s + 90259 = r, 158233 + 202763 = 4*r - 4*s. Is r composite?
True
Let m = -11 - -11. Let b = m + 1. Is 3 + 50 + b*-2 composite?
True
Suppose 2*p = 7 + 1. Let o(k) = -5*k**3 + 3*k**2 + k + 4. Let v be o(p). Let h = v - -375. Is h a prime number?
False
Let z(y) = -y**3 - 7*y**2 - 7*y + 4. Let w be z(-6). Let q = 12 - w. Is 19/q + 3/(-6) a composite number?
True
Let k be 2*3*(-613)/(-6). Suppose p - k - 10 = 0. Is p prime?
False
Is (-4)/(-6) - (15 - (-3900)/(-9)) a prime number?
True
Let u(j) = 23*j**2 - 19*j + 41. Is u(8) prime?
True
Let j(s) = -150*s**3 + 4*s**2 - 11*s - 5. Let z be j(-5). Suppose -u = 2*u - 3*q + z, 0 = -3*u - 4*q - 18935. Is (4 - u/(-15))*-3 composite?
False
Let l = -1764 + 16735. Is l a composite number?
True
Let p(h) = h**3 - 4*h**2 - 2*h + 3. Let v be p(4). Let a(f) = 20*f + 3. Let u be a(v). Let d = 86 - u. Is d a composite number?
True
Let j be 1574/(1 - -1) + -2. Let f be ((10824/(-20))/(-11))/(1/10). Let s = j - f. Is s a composite number?
False
Suppose d + 2584 = 2*q + 3*d, 5*d - 3878 = -3*q. Suppose -4*t - 2*c + 1474 = 0, -4*c = -4*t + q + 201. Suppose 0 = 4*u + u - t. Is u composite?
True
Let t(r) = -6*r**3 - 8*r**2 - 12*r + 1. Let o(s) = 11*s**3 + 17*s**2 + 25*s - 3. Let v(k) = 2*o(k) + 5*t(k). Is v(-3) composite?
False
Let b(r) be the second derivative of -r**2 - 1/6*r**3 + 0 - 12*r + 11/4*r**4. Is b(-3) prime?
False
Let f(w) be the second derivative of 5*w**3/6 - 5*w**2/2 + 10*w. Let m(o) = 6*o - 5. Let h(y) = -3*f(y) + 4*m(y). Is h(10) a prime number?
False
Suppose -2*q + 7096 + 3982 = 0. Is q composite?
True
Suppose b - 24 = -5*b. Is (426 - (b + 0))/(2/1) prime?
True
Suppose 0*i - 5*i = -15. Let a(x) = -14 + 9 + x - 194*x**i + x**2 + 5. Is a(-1) prime?
False
Let u(a) = a**3 - 29*a**2 - 30*a - 409. Is u(40) composite?
False
Let j be (-1)/(-2)*4*2. Suppose 3*i - 3*w - w = 2957, 1974 = 2*i - j*w. Is i prime?
True
Let b = 10 + 6. Let m be (-1)/((-34)/b - -2). Is (-6)/(-3*m/228) a prime number?
False
Suppose -5*k = -55 + 10. Suppose 2 = -s + k. Let p(g) = 49*g + 4. Is p(s) a composite number?
False
Let g be 435 - (-5)/(-10)*-10. Let s = g + -103. Is s a composite number?
False
Is 11/((-132)/(-40104)) - -5 composite?
False
Suppose -4*r = o - 62281, 0 = 44*r - 42*r - 4. Is o composite?
False
Suppose -462*c + 457*c = -3*k + 182993, 60995 = k - 3*c. Is k composite?
False
Suppose k = 2, -3*k = -0*o + 4*o - 18. Suppose 4*m + 5*j = 139, o*m = m - 5*j + 77. Is m composite?
False
Suppose 2*z - 3*q - 2623 = 0, z = -6*q + 3*q + 1334. Is z prime?
True
Let a(n) = 2*n - 15*n**3 + 8*n**2 - n + 5*n**3 - 14*n**2 + 5. Let y be -1*(-2 + 3)*4. Is a(y) a composite number?
True
Let l = -1595 - -3648. Is l composite?
False
Let c(n) = 13*n**2 - 9*n - 27. Suppose 2*k - 12 = 3*i, 3*i + 3*k - k + 12 = 0. Is c(i) a composite number?
True
Is (0 + 17)*(-21514)/(-62) prime?
False
Let z(q) = 388*q + 94. Let x be z(13). Suppose -20 = 4*c, 3*i - x = 3*c + 5638. Is i prime?
False
Suppose -367 + 95 = -4*d. Let z(o) = d*o + 16 + 43*o - 18. Is z(3) composite?
False
Let b(o) = -o + 3. Let p be b(7). Let s(r) = r**3 + 3*r**2 - 6*r - 4. Let i be s(p). Suppose -i*v + 7*v = 1203. Is v prime?
True
Suppose 2*v - 33175 = -5*d, 3*d - v + 9218 = 29134. Is d prime?
True
Let l = -32 - -29. Is 3/(3 - l)*1042 prime?
True
Let c(v) = -v**2 - 5*v + 4. Let s(b) = 2*b**2 + 6*b - 3. Let l(o) = 3*c(o) + 2*s(o). Let w be l(3). Suppose w*q + 0*q = 1266. Is q composite?
False
Let w = -1470 + 2944. Suppose 4*b = -4*q + 5872, -2*q - q = b - w. Is b composite?
True
Suppose -79*w + 2150 = -74*w. Suppose q = 6*q - 3*m - 1067, 2*m + w = 2*q. Is q composite?
False
Let k(h) = -h**2 + h + 1. Let s(b) = b**3 + 9*b**2 + 12*b + 11. Let y(r) = 6*k(r) - s(r). Is y(-15) prime?
False
Suppose 61 - 21 = -5*q + 5*h, 3*q + 3*h = -48. Let j be (-36)/q + 55*28. Suppose -2*a + 20 = 2*y - 598, -5*y + j = 4*a. Is y a prime number?
True
Let z(p) = -2*p**2 + 30*p - 26. Let j be z(14). Suppose 0 = f + b - 2250, j*f = 3*f - b - 2252. Is f composite?
False
Let j = 103 + 952. Is j a prime number?
False
Suppose 2*m = -2*b + 24, -3*b + 4*b = m - 18. Let x = 5 - 11. Let v = m - x. Is v prime?
False
Let j(d) = 2*d + 6*d - 4*d - 5 - 3*d. Let b be j(8). Suppose 4*f - b*f - 1255 = 0. Is f prime?
False
Is 684/10 + (-12)/(-20) - 2 prime?
True
Let x = -40940 - -73057. Is x composite?
False
Let w(h) = -255*h + 5. Let k(q) = -q**3 - 7*q**2 + 11*q + 18. Let y be k(-8). Is w(y) prime?
False
Let p(x) = 11*x**3 + x**2 - x. Let i be p(1). Let h = 14 - i. Is (-2)/h - (-1851)/9 a prime number?
False
Let q = -5104 + 8717. Is q a composite number?
False
Let n(i) be the second derivative of -13*i**3/6 - 3*i**2 - 2*i - 65. Let m = 10 - 15. Is n(m) prime?
True
Let b = 35 - -2202. Is b prime?
True
Is ((-2)/(-6)*2)/(88/269412) prime?
False
Let n = -9 - -13. Let j(o) be the first derivative of 3*o**3 - 5*o**2/2 + 3*o + 2. Is j(n) a prime number?
True
Let k(n) = -4*n**3 - 5*n**2 - 13*n - 21. Is k(-11) a prime number?
